= -4*k - 2*b + 10. Suppose 69 = k*z - 141. Let o = z + -73. What is the tens digit of o?
3
Let v(o) = -5 + 6*o**2 + o + o**3 + 13 + 0*o**2. Let p be v(-6). What is the units digit of 4*1*(-1 + p)?
4
Suppose 2*b + 1029 = -5*s + 2650, -4*b = -s + 311. What is the units digit of s?
3
Let y be ((-78)/(-24))/((-2)/(-48)). Let t(k) = 7*k. Let m be t(-5). Let z = y + m. What is the units digit of z?
3
Suppose -7*d + 169 + 97 = 0. Let t = d + 73. What is the tens digit of t?
1
Suppose 0 = 2*f - 4*q - 3978, 11*f = 12*f - 5*q - 1983. What is the units digit of f?
3
Suppose -b = 4*m - 16, 2*m - 9 + 1 = 0. Let a be (b/2)/(-8 - -6). Suppose a*z + 64 = p - z, 0 = -3*p + 4*z + 195. What is the tens digit of p?
6
Let b(i) = -i**2 + 14*i + 2. Let x = 91 + -65. Suppose 0 = 2*w - x. What is the tens digit of b(w)?
1
Suppose 7*x - 3054 = 4*x. Suppose -12*t - 58 = -x. What is the tens digit of t?
8
Let o(a) = -69*a + 52. What is the tens digit of o(-5)?
9
Let d = 410 - 321. What is the units digit of d?
9
Let g be ((-1)/2*0)/(-2). Suppose 5*t = c + 12 + 6, 2*c - 4 = g. Suppose 3*a = 7*a - t. What is the units digit of a?
1
Suppose -5*q + 2*n + 856 = 0, 0 = -n - n - 6. Suppose -w + q = 43. Suppose -4*x - p + w = 0, 4*x + 0*p - 122 = -2*p. What is the units digit of x?
3
Suppose -g = -5*g + 68. Suppose -5*v = h - g + 1, -h = -4*v + 11. Suppose 3*c + 3*t = 84, -5*c + v*t + 80 = -28. What is the units digit of c?
4
Let h(t) = 23*t**2 + 9*t + 52. What is the tens digit of h(-7)?
1
Let l be (80/15)/(2/12). Suppose 0 = 2*v + l - 162. What is the units digit of v?
5
Let h(j) = -j**2 - 17*j + 16. Let u be -12*-1*3/(-3). What is the tens digit of h(u)?
7
What is the units digit of (324/7)/((-26)/(-182))?
4
Suppose 32*f - 30*f + 2 = 0. What is the tens digit of 2/4 + ((-1148)/(-8) - f)?
4
Suppose -3*g + 567 = -576. Suppose -4*n = -5*f + g, 257 + 53 = 4*f + 2*n. Let q = f + -37. What is the tens digit of q?
4
Suppose 7124 = -24*q + 48476. What is the units digit of q?
3
Suppose 0 = -13*p + 14*p - 88. Let g = -5 + p. What is the units digit of g?
3
Let a = -4 - -3. Let z be (3 + a)*(-21)/(-14). Suppose r = -5*p - 0*r + 23, 17 = z*p - r. What is the units digit of p?
5
Let v(j) be the third derivative of -j**5/60 + 7*j**4/12 + 5*j**3/3 + 26*j**2. What is the units digit of v(9)?
5
What is the hundreds digit of -2*(-3)/(-6)*(-3 + -374)?
3
Let u(q) = 12 + 2*q**2 + 7*q - q**2 + 3*q**2 - 3*q**2. Let x be 54/(-7) + 4/(-14). What is the tens digit of u(x)?
2
What is the thousands digit of 5 + (-5 - 7) - -1646?
1
What is the thousands digit of -8 - -17 - 4508/(-4)?
1
Let s be (-4)/6*(-75)/(-10). Let i = s - -141. What is the tens digit of i?
3
Suppose 0 = 9*r - 10*r + 10. Suppose 0 = -3*t - 3*v - 15 - 0, -3*t - r = 2*v. Suppose t = 4*p + p - 120. What is the units digit of p?
4
Let r = 476 + -122. What is the units digit of r?
4
Let m(p) be the third derivative of -p**4/8 - 19*p**3/6 - 249*p**2 + 2. Let b be (-1)/(1/12 + 0). What is the units digit of m(b)?
7
Let m be (-7)/14 + (-2)/(-4). Suppose m = 5*p - 107 - 333. What is the units digit of p?
8
Let w(q) = -6*q + 5. Let l be w(-10). Suppose l = 5*h - 50. Suppose 5*f = -c - 45 + 138, 2*c = f - h. What is the tens digit of f?
1
Let q(u) = 7*u - 8. Suppose 3*f = g - 1, f = -2*g + 11 + 19. What is the tens digit of q(g)?
8
Suppose -3*y - 2*y = 5*m + 55, -4*y - 3*m = 46. Let o = y + 15. What is the tens digit of (1 - -1) + 27*o?
5
Let z = 34 + -21. Let w = z + 33. What is the tens digit of w?
4
Let n = 1199 + 270. What is the thousands digit of n?
1
Let p(a) = -a**2 + 5*a + 1. Let s be p(5). What is the tens digit of s/8 + (-4924)/(-32)?
5
Let k(z) = 2*z + 34. Let o = -24 - -24. What is the tens digit of k(o)?
3
Let x = 66 + 24. Let p be (x/50)/(1/5). Suppose -p = -4*y - 5. What is the units digit of y?
1
Let a(t) = 12*t**2 - 3*t**3 + 5 + 4*t + 6 + 2*t**3 + 2*t**3. What is the units digit of a(-11)?
8
Let t = -33 - -37. Suppose -4*m = -2*n + 152, -t*n + 424 = 2*m + 80. What is the units digit of n?
4
Let v = -58 - -687. What is the units digit of v?
9
Suppose -5*k - 4*z + 3140 = 0, -2*z + 517 = 3*k - 1369. What is the units digit of k?
2
Suppose 2*w = -w + 93. Suppose -5*y + 110 = -4*l, -5*y - l = -3*y - w. What is the units digit of y?
8
Suppose -4188 = -795*j + 789*j. What is the tens digit of j?
9
Let u = -726 - -1656. What is the hundreds digit of u?
9
Let t(b) = 2*b**3 - 12*b**2 - 2. Let d be t(6). What is the hundreds digit of (-12)/(-54) - d/(-9) - -218?
2
Let u be 6/(-9)*(-15)/2. Let z(b) = 10*b - 5. What is the tens digit of z(u)?
4
Let c be (-3)/6*-10*1. What is the units digit of (-93)/(-9)*(c - -1)?
2
Let c(s) = -s**3 + 3*s**2 - 1. Let v be c(2). Let r = 3 - v. Suppose -48 = -r*h - 2*h. What is the tens digit of h?
2
Suppose -5*r = 10, -2*b + 3330 = -6*r + 10*r. What is the thousands digit of b?
1
Suppose 23*a - 21*a - 290 = 0. What is the units digit of a?
5
Suppose -71*o = -72*o + 656. What is the tens digit of o?
5
Suppose -699 = -c - 5*h, -2137 = -9*c + 6*c - 5*h. What is the hundreds digit of c?
7
Let z(v) = v**2 - v. Let o = 26 + -32. What is the units digit of z(o)?
2
Suppose -4*w + 3*t + 199 = 0, 3*w + 2*t + 2*t - 143 = 0. What is the units digit of w?
9
Let f(j) = j**3 + 10*j**2 + 10*j - 1. Let x be f(-9). Let h = 7 + x. Let n(t) = -t**3 - t**2 + 4. What is the units digit of n(h)?
2
Let b = 848 - 26. What is the hundreds digit of b?
8
What is the units digit of (-21537)/(-27) + (-15)/9?
6
Let s = 2260 + -1106. What is the units digit of s?
4
Suppose -3*f + 892 = 157. What is the tens digit of f - (3 + -3 - -3)?
4
Let d(r) = -r**3 - 8*r**2 - r + 2. Suppose -b + 3*b = 2. Let i be (12/b)/(9/(-6)). What is the tens digit of d(i)?
1
Let c(d) = d**2 - 22*d - 172. Let q be c(-6). Suppose 5*m + 21 = 2*x, x = -2*m - x. What is the units digit of (-3 - q) + m + 3?
1
Suppose 0 = 9*i - 9 + 45. Let h(s) = s - 3. Let d be h(-4). Let r = i - d. What is the units digit of r?
3
Suppose 7729 = 2*j + 2241. What is the thousands digit of j?
2
Suppose 0 = 5*t - 25 - 10. Suppose -80 = -t*m + 2*m. Suppose j = 4*s + 17 - 49, 3*j - m = -2*s. What is the units digit of s?
8
What is the units digit of 114664/110 + (-1)/((-5)/3)?
3
Suppose -22*k = -151 - 2115. What is the hundreds digit of k?
1
Let h(t) = 16*t**3 + t**2 - t + 1. Let q = 14 - 8. Suppose -3*d = -q*d + 3. What is the tens digit of h(d)?
1
Suppose 4*n - 3*p = n + 174, 5*n + 4*p - 281 = 0. What is the tens digit of n?
5
Let w be (-5)/15 + (-137)/3*-2. Suppose 2*y - w = 5*g, -4*y - 2*g + 0*g = -146. What is the units digit of y?
8
Let s = -20 + 24. What is the units digit of s/(9/((-81)/(-12)))?
3
Let o(r) = -r**3 - 13*r**2 - 11*r - 29. Let f be o(-12). Let u = f + 125. What is the units digit of u?
4
Suppose -k = l - 1, -4*l - 4*k + 5 = -k. Suppose -2*x + 0*x - l = -d, -19 = 4*d + x. Let r = d - -22. What is the tens digit of r?
1
Let b = -63 - -95. What is the tens digit of b?
3
Suppose 5*x = 990 - 165. What is the hundreds digit of x?
1
Suppose 5*n = 37 + 3. Suppose -n*b + 3*b = -195. What is the tens digit of b?
3
Let u = -51 - -49. What is the tens digit of 79 - (-3 - u)/1?
8
Suppose -c + 11 = 2*w, -3*c + 1 = 6*w - 8*w. Let h be (3 - 1)/(-2)*-35. Suppose 2*b = -c*b + h. What is the units digit of b?
7
Let r be ((-42)/9)/(2 - (-5)/(-3)). Let q(v) = -v**2 - 13*v + 26. What is the tens digit of q(r)?
1
Suppose -6*s + 4*s - 2*n + 24 = 0, -9 = 3*n. Let q(h) = 2*h**2 - 16*h + 25. What is the tens digit of q(s)?
3
Let k(w) = -7*w**2 - 4*w + 2*w - 2 + 5 + 6*w**2. Let x be k(-3). Suppose x = -5*u - 2 + 27. What is the units digit of u?
5
Let z(c) = c**3 + 3*c**2 - c + 1. Let n(s) = s**3 - 11*s**2 - 11*s - 5. Let o be n(12). Suppose 4*u + 5 = -o. What is the units digit of z(u)?
4
Suppose 1289 = 4*n - 3*q, 1111 = 5*n - q - 503. Suppose 209 = 3*z - 2*x, 5*z + 5*x - n = 2*x. What is the units digit of z?
7
Suppose -3*w = 5*i - 5102, -6*w + 5*w = -3*i + 3064. What is the tens digit of i?
2
Suppose -10*x - 21 = -17*x. Suppose -4*q + 190 = x*a, 5*a - q = -4*q + 324. What is the units digit of a?
6
Let u(c) = -71*c + 10. Let t = -34 + 30. What is the units digit of u(t)?
4
Let w(h) = 4*h + 6. Let f be w(-3). What is the units digit of (-1240)/16*f/5?
3
What is the hundreds digit of ((-81